{"id":2,"date":"2022-12-10T22:19:31","date_gmt":"2022-12-10T21:19:31","guid":{"rendered":"http:\/\/socialfood.sk\/?page_id=2"},"modified":"2025-03-14T13:14:19","modified_gmt":"2025-03-14T12:14:19","slug":"ukazka-strany","status":"publish","type":"page","link":"https:\/\/socialfood.sk\/","title":{"rendered":"Pre\u010do sme vytvorili t\u00fato str\u00e1nku?"},"content":{"rendered":"\n<p>D\u00f4vodom na\u0161ich aktiv\u00edt v\u00a0projekte \u201eSoci\u00e1lna v\u00fddaj\u0148a potrav\u00edn\u201c je zl\u00e1 soci\u00e1lna situ\u00e1cia mnoh\u00fdch \u013eud\u00ed v na\u0161om regi\u00f3ne, ako aj od\u00eddencov z Ukrajiny, ktor\u00ed s\u00fa v\u00a0zlej soci\u00e1lnej a kr\u00edzovej \u017eivotnej situ\u00e1cii. Poskytnutie\u00a0<em>potravinov\u00fdch bal\u00ed\u010dkov<\/em>\u00a0so sprievodn\u00fdmi opatreniami je dobr\u00fdm n\u00e1strojom rie\u0161enia\u00a0<em>potravinovej<\/em>\u00a0depriv\u00e1cie v\u0161etk\u00fdch na\u0161ich klientov &#8211; cie\u013eov\u00fdch skup\u00edn, ktor\u00e9 tvoria najm\u00e4:<br>1. <strong>Seniori s n\u00edzkym starobn\u00fdm d\u00f4chodkom<\/strong>, ktor\u00ed sa preukazuj\u00fa<br>    aktu\u00e1lnym v\u00fdmerom zo soci\u00e1lnej pois\u0165ovne a \u010destn\u00fdm prehl\u00e1sen\u00edm, \u017ee nemaj\u00fa \u017eiadny in\u00fd pr\u00edjem.<br>2. <strong>Osoby Z\u0164P s n\u00edzkym invalidn\u00fdm d\u00f4chodkom<\/strong>, ktor\u00ed sa preukazuj\u00fa<br>    aktu\u00e1lnym v\u00fdmerom zo soci\u00e1lnej pois\u0165ovne a \u010destn\u00fdm prehl\u00e1sen\u00edm, \u017ee nemaj\u00fa \u017eiadny in\u00fd pr\u00edjem.<br>3. <strong>Uch\u00e1dza\u010di o zamestnanie evidovan\u00ed na \u00darade pr\u00e1ce, ktor\u00ed s\u00fa v hmotnej n\u00fadzi<\/strong>, ktor\u00ed sa preukazuj\u00fa<br>    potvrden\u00edm z \u00daradu pr\u00e1ce, \u017ee s\u00fa v hmotnej n\u00fadzi a \u010destn\u00fdm prehl\u00e1sen\u00edm, \u017ee nemaj\u00fa \u017eiadny in\u00ed pr\u00edjem.<br>4. <strong>Rodiny s v\u00e4\u010d\u0161\u00edm po\u010dtom det\u00ed, kde pracuje iba jeden rodi\u010d, alebo je samo\u017eivite\u013e<\/strong>, ktor\u00ed sa preukazuj\u00fa<br>    potvrden\u00edm z obecn\u00e9ho \u00faradu alebo inej in\u0161tit\u00facie, ktor\u00e1 osved\u010d\u00ed ich soci\u00e1lny status.<br>5. <strong>Od\u00eddenci z Ukrajiny v\u00a0zlej soci\u00e1lnej situ\u00e1cii,<\/strong> ktor\u00ed sa preukazuj\u00fa<br>ofici\u00e1lnym dokladom o\u00a0statuse od\u00eddenca spolu s\u00a0in\u00fdm \u00faradn\u00fdm dokladom (cestovn\u00fd pas alebo identifika\u010dn\u00e1 karta) a hodnovern\u00fdm preuk\u00e1zan\u00edm zlej soci\u00e1lnej situ\u00e1cie od\u00eddenca a jeho rodiny <\/p>\n\n\n\n<p>Spr\u00edstupnenie dostupnosti potrav\u00edn po skon\u010den\u00ed minim\u00e1lnej trvanlivosti od na\u0161ich donorov, ktor\u00fdmi s\u00fa obchodn\u00e9 re\u0165azce TESCO a KAUFLAND pre t\u00fdchto na\u0161ich klientov pomocou siete troch soci\u00e1lnych v\u00fddajni v okrese Michalovce, ako aj ambulantn\u00fdm v\u00fddajom potrav\u00edn na r\u00f4znych miestach v okrese Michalovce s&nbsp;mo\u017enos\u0165ou roz\u0161\u00edrenia distrib\u00facie tejto pomoci v&nbsp;\u010fal\u0161\u00edch obciach okresu Michalovce prispeje k&nbsp;rozvoju soci\u00e1lnej infra\u0161trukt\u00fary pri podpore soci\u00e1lne odk\u00e1zan\u00fdch ob\u010danov regi\u00f3nu.<\/p>\n\n\n\n<p>Ak chcete, m\u00f4\u017eete sa na na\u0161ej str\u00e1nke zaregistrova\u0165 ako ten, kto chce pom\u00f4c\u0165 &#8211; dobrovo\u013en\u00edk, alebo ako ten, kto potrebuje na\u0161u pomoc &#8211; klient.<\/p>\n\n\n\n<p class=\"has-text-align-center\"><a href=\"http:\/\/socialfood.sk\/wp-admin\/\"><strong>Registr\u00e1cia<\/strong><\/a><\/p>\n","protected":false},"excerpt":{"rendered":"<p>D\u00f4vodom na\u0161ich aktiv\u00edt v\u00a0projekte \u201eSoci\u00e1lna v\u00fddaj\u0148a potrav\u00edn\u201c je zl\u00e1 soci\u00e1lna situ\u00e1cia mnoh\u00fdch \u013eud\u00ed v na\u0161om regi\u00f3ne, ako aj od\u00eddencov z Ukrajiny, ktor\u00ed s\u00fa v\u00a0zlej soci\u00e1lnej a kr\u00edzovej \u017eivotnej situ\u00e1cii. Poskytnutie\u00a0potravinov\u00fdch bal\u00ed\u010dkov\u00a0so sprievodn\u00fdmi opatreniami je dobr\u00fdm n\u00e1strojom rie\u0161enia\u00a0potravinovej\u00a0depriv\u00e1cie v\u0161etk\u00fdch na\u0161ich klientov &#8211; cie\u013eov\u00fdch skup\u00edn, ktor\u00e9 tvoria najm\u00e4:1. Seniori s n\u00edzkym starobn\u00fdm d\u00f4chodkom, ktor\u00ed sa preukazuj\u00fa aktu\u00e1lnym [&hellip;]<\/p>\n","protected":false},"author":1,"featured_media":0,"parent":0,"menu_order":0,"comment_status":"closed","ping_status":"open","template":"","meta":{"_monsterinsights_skip_tracking":false,"_monsterinsights_sitenote_active":false,"_monsterinsights_sitenote_note":"","_monsterinsights_sitenote_category":0,"ngg_post_thumbnail":0,"footnotes":""},"class_list":["post-2","page","type-page","status-publish","hentry"],"yoast_head":"<!-- This site is optimized with the Yoast SEO Premium plugin v14.9 - https:\/\/yoast.com\/wordpress\/plugins\/seo\/ -->\n<title>Pre\u010do sme vytvorili t\u00fato str\u00e1nku? - socialfood.sk<\/title>\n<meta name=\"robots\" content=\"index, follow, max-snippet:-1, max-image-preview:large, max-video-preview:-1\" \/>\n<link rel=\"canonical\" href=\"https:\/\/socialfood.sk\/\" \/>\n<meta property=\"og:locale\" content=\"sk_SK\" \/>\n<meta property=\"og:type\" content=\"article\" \/>\n<meta property=\"og:title\" content=\"Pre\u010do sme vytvorili t\u00fato str\u00e1nku? - socialfood.sk\" \/>\n<meta property=\"og:description\" content=\"D\u00f4vodom na\u0161ich aktiv\u00edt v\u00a0projekte \u201eSoci\u00e1lna v\u00fddaj\u0148a potrav\u00edn\u201c je zl\u00e1 soci\u00e1lna situ\u00e1cia mnoh\u00fdch \u013eud\u00ed v na\u0161om regi\u00f3ne, ako aj od\u00eddencov z Ukrajiny, ktor\u00ed s\u00fa v\u00a0zlej soci\u00e1lnej a kr\u00edzovej \u017eivotnej situ\u00e1cii. Poskytnutie\u00a0potravinov\u00fdch bal\u00ed\u010dkov\u00a0so sprievodn\u00fdmi opatreniami je dobr\u00fdm n\u00e1strojom rie\u0161enia\u00a0potravinovej\u00a0depriv\u00e1cie v\u0161etk\u00fdch na\u0161ich klientov &#8211; cie\u013eov\u00fdch skup\u00edn, ktor\u00e9 tvoria najm\u00e4:1. Seniori s n\u00edzkym starobn\u00fdm d\u00f4chodkom, ktor\u00ed sa preukazuj\u00fa aktu\u00e1lnym [&hellip;]\" \/>\n<meta property=\"og:url\" content=\"https:\/\/socialfood.sk\/\" \/>\n<meta property=\"og:site_name\" content=\"socialfood.sk\" \/>\n<meta property=\"article:publisher\" content=\"https:\/\/www.facebook.com\/socialfoodsk\" \/>\n<meta property=\"article:modified_time\" content=\"2025-03-14T12:14:19+00:00\" \/>\n<meta name=\"twitter:card\" content=\"summary_large_image\" \/>\n<script type=\"application\/ld+json\" class=\"yoast-schema-graph\">{\"@context\":\"https:\/\/schema.org\",\"@graph\":[{\"@type\":\"WebSite\",\"@id\":\"https:\/\/socialfood.sk\/#website\",\"url\":\"https:\/\/socialfood.sk\/\",\"name\":\"socialfood.sk\",\"description\":\"Soci\\u00e1lna v\\u00fddaj\\u0148a potrav\\u00edn\",\"potentialAction\":[{\"@type\":\"SearchAction\",\"target\":\"https:\/\/socialfood.sk\/?s={search_term_string}\",\"query-input\":\"required name=search_term_string\"}],\"inLanguage\":\"sk-SK\"},{\"@type\":\"WebPage\",\"@id\":\"https:\/\/socialfood.sk\/#webpage\",\"url\":\"https:\/\/socialfood.sk\/\",\"name\":\"Pre\\u010do sme vytvorili t\\u00fato str\\u00e1nku? - socialfood.sk\",\"isPartOf\":{\"@id\":\"https:\/\/socialfood.sk\/#website\"},\"datePublished\":\"2022-12-10T21:19:31+00:00\",\"dateModified\":\"2025-03-14T12:14:19+00:00\",\"inLanguage\":\"sk-SK\",\"potentialAction\":[{\"@type\":\"ReadAction\",\"target\":[\"https:\/\/socialfood.sk\/\"]}]}]}<\/script>\n<!-- \/ Yoast SEO Premium plugin. -->","_links":{"self":[{"href":"https:\/\/socialfood.sk\/index.php?rest_route=\/wp\/v2\/pages\/2","targetHints":{"allow":["GET"]}}],"collection":[{"href":"https:\/\/socialfood.sk\/index.php?rest_route=\/wp\/v2\/pages"}],"about":[{"href":"https:\/\/socialfood.sk\/index.php?rest_route=\/wp\/v2\/types\/page"}],"author":[{"embeddable":true,"href":"https:\/\/socialfood.sk\/index.php?rest_route=\/wp\/v2\/users\/1"}],"replies":[{"embeddable":true,"href":"https:\/\/socialfood.sk\/index.php?rest_route=%2Fwp%2Fv2%2Fcomments&post=2"}],"version-history":[{"count":6,"href":"https:\/\/socialfood.sk\/index.php?rest_route=\/wp\/v2\/pages\/2\/revisions"}],"predecessor-version":[{"id":274,"href":"https:\/\/socialfood.sk\/index.php?rest_route=\/wp\/v2\/pages\/2\/revisions\/274"}],"wp:attachment":[{"href":"https:\/\/socialfood.sk\/index.php?rest_route=%2Fwp%2Fv2%2Fmedia&parent=2"}],"curies":[{"name":"wp","href":"https:\/\/api.w.org\/{rel}","templated":true}]}}

Prečo sme vytvorili túto stránku?

<p>Dôvodom našich aktivít v projekte „Sociálna výdajňa potravín“ je zlá sociálna situácia mnohých ľudí v našom regióne, ako aj odídencov z Ukrajiny, ktorí sú v zlej sociálnej a krízovej životnej situácii. Poskytnutie <em>potravinových balíčkov</em> so sprievodnými opatreniami je dobrým nástrojom riešenia <em>potravinovej</em> deprivácie všetkých našich klientov &#8211; cieľových skupín, ktoré tvoria najmä:<br>1. <strong>Seniori s nízkym starobným dôchodkom</strong>, ktorí sa preukazujú<br>    aktuálnym výmerom zo sociálnej poisťovne a čestným prehlásením, že nemajú žiadny iný príjem.<br>2. <strong>Osoby ZŤP s nízkym invalidným dôchodkom</strong>, ktorí sa preukazujú<br>    aktuálnym výmerom zo sociálnej poisťovne a čestným prehlásením, že nemajú žiadny iný príjem.<br>3. <strong>Uchádzači o zamestnanie evidovaní na Úrade práce, ktorí sú v hmotnej núdzi</strong>, ktorí sa preukazujú<br>    potvrdením z Úradu práce, že sú v hmotnej núdzi a čestným prehlásením, že nemajú žiadny iní príjem.<br>4. <strong>Rodiny s väčším počtom detí, kde pracuje iba jeden rodič, alebo je samoživiteľ</strong>, ktorí sa preukazujú<br>    potvrdením z obecného úradu alebo inej inštitúcie, ktorá osvedčí ich sociálny status.<br>5. <strong>Odídenci z Ukrajiny v zlej sociálnej situácii,</strong> ktorí sa preukazujú<br>oficiálnym dokladom o statuse odídenca spolu s iným úradným dokladom (cestovný pas alebo identifikačná karta) a hodnoverným preukázaním zlej sociálnej situácie odídenca a jeho rodiny </p>



<p>Sprístupnenie dostupnosti potravín po skončení minimálnej trvanlivosti od našich donorov, ktorými sú obchodné reťazce TESCO a KAUFLAND pre týchto našich klientov pomocou siete troch sociálnych výdajni v okrese Michalovce, ako aj ambulantným výdajom potravín na rôznych miestach v okrese Michalovce s&nbsp;možnosťou rozšírenia distribúcie tejto pomoci v&nbsp;ďalších obciach okresu Michalovce prispeje k&nbsp;rozvoju sociálnej infraštruktúry pri podpore sociálne odkázaných občanov regiónu.</p>



<p>Ak chcete, môžete sa na našej stránke zaregistrovať ako ten, kto chce pomôcť &#8211; dobrovoľník, alebo ako ten, kto potrebuje našu pomoc &#8211; klient.</p>



<p class="has-text-align-center"><a href="http://socialfood.sk/wp-admin/"><strong>Registrácia</strong></a></p>

<p>Dôvodom našich aktivít v projekte „Sociálna výdajňa potravín“ je zlá sociálna situácia mnohých ľudí v našom regióne, ako aj odídencov z Ukrajiny, ktorí sú v zlej sociálnej a krízovej životnej situácii. Poskytnutie potravinových balíčkov so sprievodnými opatreniami je dobrým nástrojom riešenia potravinovej deprivácie všetkých našich klientov &#8211; cieľových skupín, ktoré tvoria najmä:1. Seniori s nízkym starobným dôchodkom, ktorí sa preukazujú aktuálnym [&hellip;]</p>

<!-- This site is optimized with the Yoast SEO Premium plugin v14.9 - https://yoast.com/wordpress/plugins/seo/ -->
<title>Prečo sme vytvorili túto stránku? - socialfood.sk</title>
<meta name="robots" content="index, follow, max-snippet:-1, max-image-preview:large, max-video-preview:-1" />
<link rel="canonical" href="https://socialfood.sk/" />
<meta property="og:locale" content="sk_SK" />
<meta property="og:type" content="article" />
<meta property="og:title" content="Prečo sme vytvorili túto stránku? - socialfood.sk" />
<meta property="og:description" content="Dôvodom našich aktivít v projekte „Sociálna výdajňa potravín“ je zlá sociálna situácia mnohých ľudí v našom regióne, ako aj odídencov z Ukrajiny, ktorí sú v zlej sociálnej a krízovej životnej situácii. Poskytnutie potravinových balíčkov so sprievodnými opatreniami je dobrým nástrojom riešenia potravinovej deprivácie všetkých našich klientov &#8211; cieľových skupín, ktoré tvoria najmä:1. Seniori s nízkym starobným dôchodkom, ktorí sa preukazujú aktuálnym [&hellip;]" />
<meta property="og:url" content="https://socialfood.sk/" />
<meta property="og:site_name" content="socialfood.sk" />
<meta property="article:publisher" content="https://www.facebook.com/socialfoodsk" />
<meta property="article:modified_time" content="2025-03-14T12:14:19+00:00" />
<meta name="twitter:card" content="summary_large_image" />
<script type="application/ld+json" class="yoast-schema-graph">{"@context":"https://schema.org","@graph":[{"@type":"WebSite","@id":"https://socialfood.sk/#website","url":"https://socialfood.sk/","name":"socialfood.sk","description":"Soci\u00e1lna v\u00fddaj\u0148a potrav\u00edn","potentialAction":[{"@type":"SearchAction","target":"https://socialfood.sk/?s={search_term_string}","query-input":"required name=search_term_string"}],"inLanguage":"sk-SK"},{"@type":"WebPage","@id":"https://socialfood.sk/#webpage","url":"https://socialfood.sk/","name":"Pre\u010do sme vytvorili t\u00fato str\u00e1nku? - socialfood.sk","isPartOf":{"@id":"https://socialfood.sk/#website"},"datePublished":"2022-12-10T21:19:31+00:00","dateModified":"2025-03-14T12:14:19+00:00","inLanguage":"sk-SK","potentialAction":[{"@type":"ReadAction","target":["https://socialfood.sk/"]}]}]}</script>
<!-- / Yoast SEO Premium plugin. -->
